{"id":1131,"date":"2019-07-05T16:39:58","date_gmt":"2019-07-05T19:39:58","guid":{"rendered":"https:\/\/isfd133-bue.infd.edu.ar\/sitio\/?page_id=1131"},"modified":"2019-07-05T16:39:58","modified_gmt":"2019-07-05T19:39:58","slug":"materias-correlativas-inicial","status":"publish","type":"page","link":"https:\/\/isfd133-bue.infd.edu.ar\/sitio\/materias-correlativas-inicial\/","title":{"rendered":"Materias Correlativas Inicial"},"content":{"rendered":"<p><strong>Resoluci\u00f3n 1117\/09 modifica las correlatividades del dise\u00f1o<\/strong><\/p>\n<p><strong>CORRELATIVIDADES DEL PROFESORADO DE NIVEL INICIAL<\/strong><\/p>\n<p><strong>\u00a0<\/strong><\/p>\n<table>\n<tbody>\n<tr>\n<td colspan=\"2\" width=\"576\"><strong>2\u00ba A\u00d1O<\/strong><\/td>\n<\/tr>\n<tr>\n<td width=\"288\"><strong>PARA CURSAR<\/strong><\/td>\n<td width=\"288\"><strong>SE REQUIERE TENER APROBADA<\/strong><\/td>\n<\/tr>\n<tr>\n<td width=\"288\">Psicolog\u00eda del Desarrollo y el Aprendizaje II<\/td>\n<td width=\"288\">Psicolog\u00eda del Desarrollo y el Aprendizaje I<\/td>\n<\/tr>\n<tr>\n<td width=\"288\">Psicolog\u00eda Social e Institucional<\/td>\n<td width=\"288\">_________<\/td>\n<\/tr>\n<tr>\n<td width=\"288\">Cultura, Comunicaci\u00f3n y Educaci\u00f3n<\/td>\n<td width=\"288\">_________<\/td>\n<\/tr>\n<tr>\n<td width=\"288\">Campo de la Pr\u00e1ctica Docente II<\/td>\n<td width=\"288\">Campo de la Pr\u00e1ctica Docente I<\/td>\n<\/tr>\n<tr>\n<td width=\"288\">Educaci\u00f3n Pl\u00e1stica<\/td>\n<td width=\"288\">_________<\/td>\n<\/tr>\n<tr>\n<td width=\"288\">Did\u00e1ctica de Pr\u00e1cticas del Lenguaje y la Literatura<\/td>\n<td width=\"288\">_________<\/td>\n<\/tr>\n<tr>\n<td width=\"288\">Did\u00e1ctica de las Ciencias Sociales<\/td>\n<td width=\"288\">_________<\/td>\n<\/tr>\n<tr>\n<td width=\"288\">Did\u00e1ctica de las Ciencias Naturales<\/td>\n<td width=\"288\">_________<\/td>\n<\/tr>\n<tr>\n<td width=\"288\">Did\u00e1ctica de la Matem\u00e1tica<\/td>\n<td width=\"288\">_________<\/td>\n<\/tr>\n<tr>\n<td width=\"288\">Teor\u00edas Sociopol\u00edticas y Educaci\u00f3n<\/td>\n<td width=\"288\">_________<\/td>\n<\/tr>\n<tr>\n<td width=\"288\">Did\u00e1ctica y Curriculum del Nivel Inicial<\/td>\n<td width=\"288\">Did\u00e1ctica General<\/td>\n<\/tr>\n<tr>\n<td colspan=\"2\" width=\"576\"><strong>3\u00ba A\u00d1O<\/strong><\/td>\n<\/tr>\n<tr>\n<td width=\"288\">Juegos y Desarrollo Infantil<\/td>\n<td width=\"288\">Psicolog\u00eda del Desarrollo y el Aprendizaje I<\/td>\n<\/tr>\n<tr>\n<td width=\"288\">Medios audiovisuales, TIC\u00b4s y Educaci\u00f3n<\/td>\n<td width=\"288\">_________<\/td>\n<\/tr>\n<tr>\n<td width=\"288\">Educaci\u00f3n Musical<\/td>\n<td width=\"288\">_________<\/td>\n<\/tr>\n<tr>\n<td width=\"288\">Educaci\u00f3n F\u00edsica Escolar<\/td>\n<td width=\"288\">_________<\/td>\n<\/tr>\n<tr>\n<td width=\"288\">Taller de Ciencias Sociales<\/td>\n<td width=\"288\">Did\u00e1ctica de las Ciencias Sociales<\/td>\n<\/tr>\n<tr>\n<td width=\"288\">Taller de Ciencias Naturales<\/td>\n<td width=\"288\">Did\u00e1ctica de las Ciencias Naturales<\/td>\n<\/tr>\n<tr>\n<td width=\"288\">Taller de Literatura Infantil<\/td>\n<td width=\"288\">Did\u00e1ctica de Pr\u00e1cticas del Lenguaje y la Literatura<\/td>\n<\/tr>\n<tr>\n<td width=\"288\">Taller de Matem\u00e1tica<\/td>\n<td width=\"288\">Did\u00e1ctica de la Matem\u00e1tica<\/td>\n<\/tr>\n<tr>\n<td width=\"288\">Producci\u00f3n de Materiales y Objetos l\u00fadicos<\/td>\n<td width=\"288\">__________<\/td>\n<\/tr>\n<tr>\n<td width=\"288\">Historia y Prospectiva de la Educaci\u00f3n<\/td>\n<td width=\"288\">__________<\/td>\n<\/tr>\n<tr>\n<td width=\"288\">Pol\u00edticas, Legislaci\u00f3n y Administraci\u00f3n del Trabajo Escolar<\/td>\n<td width=\"288\">__________<\/td>\n<\/tr>\n<tr>\n<td width=\"288\">Campo de la Pr\u00e1ctica Docente III<\/td>\n<td width=\"288\">Campo de la Pr\u00e1ctica Docente II<\/p>\n<p>Did\u00e1ctica de las pr\u00e1cticas del Lenguaje y la Literatura<\/p>\n<p>Did\u00e1ctica de las Ciencias Sociales<\/p>\n<p>Did\u00e1ctica de las Ciencias Naturales<\/p>\n<p>Did\u00e1ctica de la Matem\u00e1tica<\/p>\n<p>Did\u00e1ctica y Curriculum del Nivel Inicial<\/td>\n<\/tr>\n<tr>\n<td colspan=\"2\" width=\"576\"><strong>4\u00ba A\u00d1O<\/strong><\/td>\n<\/tr>\n<tr>\n<td width=\"288\">Educaci\u00f3n en y para la salud<\/td>\n<td width=\"288\">_________<\/td>\n<\/tr>\n<tr>\n<td width=\"288\">Ateneo de Pr\u00e1cticas del Lenguaje y la Literatura<\/td>\n<td width=\"288\">Taller de Literatura Infantil<\/td>\n<\/tr>\n<tr>\n<td width=\"288\">Ateneo de Matem\u00e1tica<\/td>\n<td width=\"288\">Taller de la Matem\u00e1tica<\/td>\n<\/tr>\n<tr>\n<td width=\"288\">Ateneo de Naturaleza y Sociedad<\/td>\n<td width=\"288\">Taller de Ciencias Naturales<\/p>\n<p>Taller de Ciencias Sociales<\/td>\n<\/tr>\n<tr>\n<td width=\"288\">Ateneo de Nuevas Expresiones est\u00e9ticas<\/td>\n<td width=\"288\">_________<\/td>\n<\/tr>\n<tr>\n<td width=\"288\">Reflexi\u00f3n filos\u00f3fica de la Educaci\u00f3n<\/td>\n<td width=\"288\">Filosof\u00eda<\/p>\n<p>Pedagog\u00eda<\/td>\n<\/tr>\n<tr>\n<td width=\"288\">Dimensi\u00f3n \u00e9tico pol\u00edtica de la praxis docente<\/td>\n<td width=\"288\">Teor\u00edas Sociopol\u00edticas y Educaci\u00f3n<\/td>\n<\/tr>\n<tr>\n<td width=\"288\">Campo de la Pr\u00e1ctica Docente IV<\/td>\n<td width=\"288\">Campo de la Pr\u00e1ctica Docente III<\/p>\n<p>Taller de Ciencias Sociales<\/p>\n<p>Taller de Ciencias Naturales<\/p>\n<p>Taller de Literatura Infantil<\/p>\n<p>Taller de Matem\u00e1tica<\/td>\n<\/tr>\n<\/tbody>\n<\/table>\n<p><strong>\u00a0<\/strong><\/p>\n<p><strong>OBSERVACIONES<\/strong>: El Campo de Actualizaci\u00f3n Formativa ser\u00e1 acreditado por Promoci\u00f3n sin examen final.<\/p>\n","protected":false},"excerpt":{"rendered":"<p>Resoluci\u00f3n 1117\/09 modifica las correlatividades del dise\u00f1o CORRELATIVIDADES DEL PROFESORADO DE NIVEL INICIAL \u00a0 2\u00ba A\u00d1O PARA CURSAR SE REQUIERE TENER APROBADA Psicolog\u00eda del Desarrollo y el Aprendizaje II Psicolog\u00eda del Desarrollo y el Aprendizaje I Psicolog\u00eda Social e Institucional _________ Cultura, Comunicaci\u00f3n y Educaci\u00f3n _________ Campo de la Pr\u00e1ctica Docente II Campo de la &#8230; <a title=\"Materias Correlativas Inicial\" class=\"read-more\" href=\"https:\/\/isfd133-bue.infd.edu.ar\/sitio\/materias-correlativas-inicial\/\" aria-label=\"More on Materias Correlativas Inicial\">[+]<\/a><\/p>\n","protected":false},"author":51,"featured_media":0,"parent":0,"menu_order":0,"comment_status":"closed","ping_status":"closed","template":"","meta":[],"acf":[],"_links":{"self":[{"href":"https:\/\/isfd133-bue.infd.edu.ar\/sitio\/wp-json\/wp\/v2\/pages\/1131"}],"collection":[{"href":"https:\/\/isfd133-bue.infd.edu.ar\/sitio\/wp-json\/wp\/v2\/pages"}],"about":[{"href":"https:\/\/isfd133-bue.infd.edu.ar\/sitio\/wp-json\/wp\/v2\/types\/page"}],"author":[{"embeddable":true,"href":"https:\/\/isfd133-bue.infd.edu.ar\/sitio\/wp-json\/wp\/v2\/users\/51"}],"replies":[{"embeddable":true,"href":"https:\/\/isfd133-bue.infd.edu.ar\/sitio\/wp-json\/wp\/v2\/comments?post=1131"}],"version-history":[{"count":1,"href":"https:\/\/isfd133-bue.infd.edu.ar\/sitio\/wp-json\/wp\/v2\/pages\/1131\/revisions"}],"predecessor-version":[{"id":1132,"href":"https:\/\/isfd133-bue.infd.edu.ar\/sitio\/wp-json\/wp\/v2\/pages\/1131\/revisions\/1132"}],"wp:attachment":[{"href":"https:\/\/isfd133-bue.infd.edu.ar\/sitio\/wp-json\/wp\/v2\/media?parent=1131"}],"curies":[{"name":"wp","href":"https:\/\/api.w.org\/{rel}","templated":true}]}}