{"id":786,"date":"2018-08-29T16:54:46","date_gmt":"2018-08-29T19:54:46","guid":{"rendered":"https:\/\/isfd133-bue.infd.edu.ar\/sitio\/historia\/"},"modified":"2019-03-12T23:51:16","modified_gmt":"2019-03-13T02:51:16","slug":"historia","status":"publish","type":"page","link":"https:\/\/isfd133-bue.infd.edu.ar\/sitio\/historia\/","title":{"rendered":"Historia"},"content":{"rendered":"<p>&nbsp;<\/p>\n<p style=\"font-family: arial, helvetica, sans-serif;\"><img decoding=\"async\" style=\"display: block; margin-left: auto; margin-right: auto;\" src=\"https:\/\/isfd133-bue.infd.edu.ar\/sitio\/wp-content\/uploads\/2018\/08\/primeros.jpg\" border=\"0\" \/><\/p>\n<p style=\"text-align: justify;\"><em><span style=\"font-family: 'times new roman', times;\">1939 \u2013 Un grupo de vecinos de la ciudad de General Pinto, detectan la necesidad de aumentar los niveles de educaci\u00f3n de los vecinos, para<\/span><\/em><\/p>\n<p>&nbsp;<\/p>\n<p>\u2026 \u201cmejorar la ilustraci\u00f3n de la poblaci\u00f3n y aumentar el arraigo de las familias de este vecindario\u201d\u00a0 \u2026<\/p>\n<p>Lupano, P\u00e9rez, L\u00f3pez, Garc\u00eda Moral, Bari, Rodr\u00edguez<\/p>\n<p>Nace la idea de lo que hoy somos<\/p>\n<p>1950 \u2013 Por iniciativa de la Comisi\u00f3n de Fomento de General Pinto, presidida por el Sr. Leoncio Mor\u00e1n fue creado el INSTITUTO DE ENSE\u00d1ANZA SECUNDARIA, que comienza a funcionar en el edificio de la Escuela N\u00ba 2<\/p>\n<p>Fue inaugurado el 1\u00ba de Marzo de 1950, comenzando a funcionar el 13 de marzo del mismo mes y a\u00f1o como una extensi\u00f3n de la Escuela Normal \u201cAbraham Lincoln\u201d de la ciudad vecina.<\/p>\n<p>Fue administrado por una comisi\u00f3n de vecinos que ten\u00eda a su cargo la responsabilidad del mismo integrada de la siguiente manera:<\/p>\n<p>Presidente Honorario: \u00a0\u00a0\u00a0\u00a0\u00a0\u00a0\u00a0\u00a0\u00a0\u00a0 Sr. Rafael Est\u00e9vez<\/p>\n<p>Presidente: \u00a0\u00a0\u00a0\u00a0\u00a0\u00a0\u00a0\u00a0\u00a0\u00a0\u00a0\u00a0\u00a0\u00a0\u00a0\u00a0\u00a0\u00a0\u00a0\u00a0\u00a0\u00a0\u00a0\u00a0\u00a0\u00a0\u00a0 Diputado Nacional Don Miguel Navarro<\/p>\n<p>Vicepresidente. \u00a0\u00a0\u00a0\u00a0\u00a0\u00a0\u00a0\u00a0\u00a0\u00a0\u00a0\u00a0\u00a0\u00a0\u00a0\u00a0\u00a0\u00a0\u00a0\u00a0 Dr. Albor Ar\u00e9chaga<\/p>\n<p>Secretario: \u00a0\u00a0\u00a0\u00a0\u00a0\u00a0\u00a0\u00a0\u00a0\u00a0\u00a0\u00a0\u00a0\u00a0\u00a0\u00a0\u00a0\u00a0\u00a0\u00a0\u00a0\u00a0\u00a0\u00a0\u00a0\u00a0\u00a0\u00a0 Sr. Valent\u00edn Romero<\/p>\n<p>Pro- Secretario: \u00a0\u00a0\u00a0\u00a0\u00a0\u00a0\u00a0\u00a0\u00a0\u00a0\u00a0\u00a0\u00a0\u00a0\u00a0\u00a0\u00a0\u00a0\u00a0\u00a0 Dr. Carlos Aranovich<\/p>\n<p>Pro. Tesorero: \u00a0\u00a0\u00a0\u00a0\u00a0\u00a0\u00a0\u00a0\u00a0\u00a0\u00a0\u00a0\u00a0\u00a0\u00a0\u00a0\u00a0\u00a0\u00a0\u00a0\u00a0\u00a0\u00a0 Dr. Ulises Rapela<\/p>\n<p>Primer Vocal: \u00a0\u00a0\u00a0\u00a0\u00a0\u00a0\u00a0\u00a0\u00a0\u00a0\u00a0\u00a0\u00a0\u00a0\u00a0\u00a0\u00a0\u00a0\u00a0\u00a0\u00a0\u00a0\u00a0 Sr. Leoncio Mor\u00e1n<\/p>\n<p>Vocales Titulares: \u00a0\u00a0\u00a0\u00a0\u00a0\u00a0\u00a0\u00a0\u00a0\u00a0\u00a0\u00a0\u00a0\u00a0\u00a0\u00a0\u00a0 Dr. Ernesto Giampietro, Dr. Alberto Videla, Dr. Alberto Busso, Dr. Eduardo Aranovich, Enrique Neme, Pedro Pollastrini, Antonio Tejeda, Modesto L\u00f3pez, Manuel Tejeda, Pedro Vrancovich, H\u00e9ctor Saunders, Marcial Garc\u00eda, Nicol\u00e1s G\u00f3mez Cabezas,<\/p>\n<p>Vocales Suplentes:\u00a0\u00a0\u00a0\u00a0\u00a0\u00a0\u00a0\u00a0\u00a0\u00a0\u00a0\u00a0\u00a0\u00a0\u00a0\u00a0 Juan puerari, H\u00e9ctor Maff\u00eda, Guerino Volpe,<\/p>\n<p>Revisores de Cuentas: \u00a0\u00a0\u00a0\u00a0\u00a0\u00a0\u00a0\u00a0\u00a0\u00a0 Pedro Anzani, H\u00e9ctor Cataldo, Sebasti\u00e1n Tarditti<\/p>\n<p>El Primer Rector de la Escuela fue el Dr. Ernesto Giampietro quien fuera elegido por votaci\u00f3n de los integrantes de la comisi\u00f3n y como Vicerrector el Dr. Albor Ar\u00e9chaga elegido por aclamaci\u00f3n de los mismos.<\/p>\n<p>De este modo comienza a funcionar el Instituto de Ense\u00f1anza Secundaria con profesores y personas de la comunidad reconocidas por su Preparaci\u00f3n profesional:<\/p>\n<p>Cecilia M de Busso, Lidia M de Est\u00e9vez, Esther M. de Di Nucci, Juana R. de Pallar\u00e9s, Hayde\u00e9 S. de Trevia, Cora Pelosi de Andreota, Hilda B. de Navarro, Noelia Otero, Susana Fermoselle, Cesar Giudice. Hebe D. M. de Rapela, Blanca F. de Arruza, N\u00e9lida C. de Neme, Ethel G. de Roman\u00edn, Mar\u00eda C.C. Olaechea, Mar\u00eda Castiglione, Irma P\u00e9rez Zarlenga, Elsa Saib. Presb\u00edtero Juan F Martinet, Otto La Falce, Edmundo J. J. Alori, Aldo La Falce, Herv\u00e9 J. de La Falce, Nelva Odina Di Luca y Mar\u00eda Elena Neme.<\/p>\n<p>1960 \u2013 El Senado de\u00a0 la Naci\u00f3n el 27 de octubre de 1960 aprueba en forma de ley el proyecto presentado por el Diputado Nacional de la UCRI doctor Fayiz Sago por el cual se Nacionaliza el Instituto de Ense\u00f1anza Secundaria que de all\u00ed en adelante pasar\u00eda a llamarse COLEGIO NACIONAL DE GENERAL PINTO.<\/p>\n<p>\u201c\u2026 esperamos que la aspiraci\u00f3n de algunos de los fundadores, de que el Instituto fuera un templo de cultura iluminado por el sol radiante del saber, para dar lumbre a las mentes de toda la juventud de General Pinto, sea con el correr del tiempo un hecho fehaciente\u2026\u201d<\/p>\n<p>Argos, S\u00e1bado 1\u00ba de octubre de 1960<\/p>\n<p>Datos extra\u00eddos de documentaci\u00f3n entregada a la escuela por el DR. Albor Ar\u00e9chaga<\/p>\n<p>La Sra. Hebe D. N. M\u00e9ndez de Rapela fue directora desde este momento y hasta 1987.<\/p>\n<p>Desde 1987 hasta 1991, ocupar\u00e1 el cargo la Sra. Ruth Etel Tejeda de La Falce. y desde\u00a0 1991 hasta 1994 la Sra. Mabel Videla de La Falce.<\/p>\n<p>1974 \u2013 Se incorpora una nueva modalidad. Con una nueva denominaci\u00f3n: COLEGIO NACIONAL, ANEXO COMERCIAL, permitiendo desde este momento otorgar t\u00edtulos de Bachiller y Perito Mercantil.<\/p>\n<p>1986 \u2013 La Escuela contin\u00faa creciendo y ampliando su oferta educativa. Con la incorporaci\u00f3n del Profesorado de Ense\u00f1anza Primaria y la creaci\u00f3n del Departamento de Aplicaci\u00f3n (Nivel Primario). La Sra. Profesora Marta Lur\u00eda fue quien ocupo el cargo de Directora en este nivel de ense\u00f1anza. La instituci\u00f3n se denomina\u00a0 ESCUELA NACIONAL NORMAL SUPERIOR DE GENERAL PINTO<\/p>\n<p>1994 \u2013 Se produce la transferencia de los Colegios Nacionales a las provincias:<\/p>\n<p>El nuevo nombre es ESCUELA NORMAL SUPERIOR Conformando una Unidad Acad\u00e9mica integrada por tres niveles de Ense\u00f1anza:<\/p>\n<p>NIVEL PRIMARIO:<\/p>\n<p>Directora: N\u00e9lida Moralejo<\/p>\n<p>ESCUELA DE EDUCACI\u00d3N MEDIA N\u00ba 4<\/p>\n<p>Directora Titular: Prof. Olga Fern\u00e1ndez, hasta la actualidad \u2013 Directora Suplente Sra. Prof. Marta M\u00e9ndez, hasta 2008<\/p>\n<p>INSTITUTO SUPERIOR DE FORMACI\u00d3N DOCENTE N\u00ba 133<\/p>\n<p>Directora Prof. Mar\u00eda Victoria Rodr\u00edguez, hasta 2009<\/p>\n<p>1997 \u2013 Implementaci\u00f3n De la Ley Federal de Educaci\u00f3n<\/p>\n<p>ESCUELA NORMAL SUPERIOR<\/p>\n<p>ESCUELA PRIMARIA N\u00ba 35 1\u00ba ciclo de E.G.B. \u2013 2\u00ba ciclo de E.G.B. \u2013 3\u00ba Ciclo de EGB<\/p>\n<p>Directora, Sra. Adriana Diez, hasta 2007 \u2013 Directora Titular, Prof. Claudia Lentinello, hasta 2010<\/p>\n<p>ESCUELA DE EDUCACI\u00d3N MEDIA N\u00ba 4<\/p>\n<p>1\u00ba, 2\u00ba y 3\u00ba a\u00f1o de polimodal otorga t\u00edtulos de Bachilleres con orientaci\u00f3n en Ciencias Naturales y Gesti\u00f3n y Administraci\u00f3n de las Organizaciones<\/p>\n<p>I.S.F.D. N\u00ba 133<\/p>\n<p>Profesorado para 1\u00ba y 2\u00ba ciclo de la EGB<\/p>\n<p>2006 \u2013 Primer tramo de la \u00a0Implementaci\u00f3n de la Ley Nacional de Educaci\u00f3n<\/p>\n<p>ESCUELA NORMAL SUPERIOR<\/p>\n<p>ESCUELA DE EDUCACI\u00d3N PRIMARIA N\u00ba 35 (1\u00ba A 6\u00ba A\u00d1O)<\/p>\n<p>ESCUELA DE EDUCACI\u00d3N SECUNDARIA B\u00c1SICA N\u00ba 5 (1\u00ba 2\u00ba Y 3\u00ba A\u00d1O)<\/p>\n<p>ESCUELA DE EDUCACI\u00d3N MEDIA N\u00ba 4<\/p>\n<p>Bachiller, modalidad Ciencias Naturales<\/p>\n<p>Bachiller, Modalidad Econom\u00eda y Gesti\u00f3n de las Organizaciones<\/p>\n<p>I.S.F.D N\u00ba 133 y Extensi\u00f3n Florentino Ameghino<\/p>\n<p>Profesorado para la Educaci\u00f3n Primaria<\/p>\n<p>2003 &#8211; Profesorado para la Educaci\u00f3n Inicial<\/p>\n<p>2004 \u2013 Enfermer\u00eda Profesional<\/p>\n<p>2008 \u2013 T\u00e9cnico Superior en PYMES<\/p>\n<p>2010 \u2013 Segundo tramo de la implementaci\u00f3n de la Ley Nacional de Educaci\u00f3n<\/p>\n<p>UNIDAD ACAD\u00c9MICA &#8211; ESCUELA NORMAL SUPERIOR<\/p>\n<p>ESCUELA DE EDUCACI\u00d3N PRIMARIA N\u00ba 35 (1\u00ba a 6 \u00ba a\u00f1o)<\/p>\n<p>Directora: Fabiana La Falce \u2013<\/p>\n<p>Secretaria: Myrian \u00a0Sigliano<\/p>\n<p>ESCUELA DE EDUCACI\u00d3N SECUNDARIA N\u00ba 4<\/p>\n<p>Ciclo B\u00e1sico: 1\u00ba &#8211; 2\u00ba &#8211; 3\u00ba a\u00f1o<\/p>\n<p>Ciclo Superior Orientado: 4\u00ba &#8211; 5\u00ba y 6\u00ba a\u00f1o<\/p>\n<p>Directora Titular: Prof. Olga Fern\u00e1ndez<\/p>\n<p>Director Suplente: prof. Fabi\u00e1n Adolfo Oliva<\/p>\n<p>Vice directora: Prof. Zulma Isidoro<\/p>\n<p>Vice Directora: Prof. Gabriela Camarero<\/p>\n<p>Secretaria: Prof. Sof\u00eda Torrielli<\/p>\n<p>Pro \u2013 Secretaria: Mar\u00eda Celia Gariboldi<\/p>\n<p>Jefe de preceptores: Srta. Alicia Laur\u00eda<\/p>\n<p>ISFD N\u00ba 133<\/p>\n<p>Director: Claudia Marcela Gir\u00f3n<\/p>\n<p>Secretaria: Irma Raquel Testa<\/p>\n<p>Carreras:<\/p>\n<p>Profesorado para la Educaci\u00f3n Inicial<\/p>\n<p>Enfermer\u00eda Profesional<\/p>\n<p>Tecnicatura Superior en Trabajo Social<\/p>\n<p>Profesorado para la Educaci\u00f3n Especial<\/p>\n<p>Trabajo Social (Extensi\u00f3n Ameghino)<\/p>\n<p>A m\u00e1s de 60 a\u00f1os del surgimiento de \u00a0aquella primera idea, de instalar en General Pinto un Colegio de Ense\u00f1anza Secundaria y con un largo camino recorrido podr\u00edamos imaginar\u00a0 c\u00f3mo, entre qui\u00e9nes,\u00a0 d\u00f3nde, cu\u00e1l fue el primer paso para concretar esa idea. Tambi\u00e9n \u00a0asegurar que a algunos les habr\u00e1 parecido una idea ut\u00f3pica, innecesaria y a otros imprescindible, urgente, impostergable. Habr\u00e1 habido quienes fueron indiferentes a un hecho que para otros era trascendente en el desarrollo de la comunidad.<\/p>\n<p>2018 \u2013 Durante este a\u00f1o la Sede de la unidad acad\u00e9mica se muda al nuevo edificio en Calle Pellegrini 15, contando con mejores instalaciones y recursos para continuar con el privilegio de seguir formando a nuestros futuros egresados.<\/p>\n<p>Carreras:<\/p>\n<p>Profesorado en Educaci\u00f3n Inicial<\/p>\n<p>Profesorado en Educaci\u00f3n Primaria<\/p>\n<p>Tecnicatura Superior en Administraci\u00f3n General<\/p>\n<p>Tecnicatura Superior en Enfermeria<\/p>\n<p><img decoding=\"async\" loading=\"lazy\" class=\"alignnone size-medium wp-image-893\" src=\"https:\/\/isfd133-bue.infd.edu.ar\/sitio\/wp-content\/uploads\/2019\/03\/escuela-nueva-1000x600.jpeg\" alt=\"\" width=\"1000\" height=\"600\" srcset=\"https:\/\/isfd133-bue.infd.edu.ar\/sitio\/wp-content\/uploads\/2019\/03\/escuela-nueva-1000x600.jpeg 1000w, https:\/\/isfd133-bue.infd.edu.ar\/sitio\/wp-content\/uploads\/2019\/03\/escuela-nueva-768x461.jpeg 768w, https:\/\/isfd133-bue.infd.edu.ar\/sitio\/wp-content\/uploads\/2019\/03\/escuela-nueva.jpeg 1280w\" sizes=\"(max-width: 1000px) 100vw, 1000px\" \/><\/p>\n<p>&nbsp;<\/p>\n<p>&nbsp;<\/p>\n<p><span style=\"color: #cc6600;\"><strong>\u00a0<\/strong><\/span><span style=\"color: #cc6600; font-family: arial, helvetica, sans-serif; font-size: 12pt;\"><strong><br \/>\n<\/strong><\/span><\/p>\n","protected":false},"excerpt":{"rendered":"<p>&nbsp; 1939 \u2013 Un grupo de vecinos de la ciudad de General Pinto, detectan la necesidad de aumentar los niveles de educaci\u00f3n de los vecinos, para &nbsp; \u2026 \u201cmejorar la ilustraci\u00f3n de la poblaci\u00f3n y aumentar el arraigo de las familias de este vecindario\u201d\u00a0 \u2026 Lupano, P\u00e9rez, L\u00f3pez, Garc\u00eda Moral, Bari, Rodr\u00edguez Nace la idea &#8230; <a title=\"Historia\" class=\"read-more\" href=\"https:\/\/isfd133-bue.infd.edu.ar\/sitio\/historia\/\" aria-label=\"More on Historia\">[+]<\/a><\/p>\n","protected":false},"author":243,"featured_media":0,"parent":0,"menu_order":0,"comment_status":"closed","ping_status":"closed","template":"","meta":[],"acf":[],"_links":{"self":[{"href":"https:\/\/isfd133-bue.infd.edu.ar\/sitio\/wp-json\/wp\/v2\/pages\/786"}],"collection":[{"href":"https:\/\/isfd133-bue.infd.edu.ar\/sitio\/wp-json\/wp\/v2\/pages"}],"about":[{"href":"https:\/\/isfd133-bue.infd.edu.ar\/sitio\/wp-json\/wp\/v2\/types\/page"}],"author":[{"embeddable":true,"href":"https:\/\/isfd133-bue.infd.edu.ar\/sitio\/wp-json\/wp\/v2\/users\/243"}],"replies":[{"embeddable":true,"href":"https:\/\/isfd133-bue.infd.edu.ar\/sitio\/wp-json\/wp\/v2\/comments?post=786"}],"version-history":[{"count":3,"href":"https:\/\/isfd133-bue.infd.edu.ar\/sitio\/wp-json\/wp\/v2\/pages\/786\/revisions"}],"predecessor-version":[{"id":894,"href":"https:\/\/isfd133-bue.infd.edu.ar\/sitio\/wp-json\/wp\/v2\/pages\/786\/revisions\/894"}],"wp:attachment":[{"href":"https:\/\/isfd133-bue.infd.edu.ar\/sitio\/wp-json\/wp\/v2\/media?parent=786"}],"curies":[{"name":"wp","href":"https:\/\/api.w.org\/{rel}","templated":true}]}}