{"id":900,"date":"2019-03-13T00:23:57","date_gmt":"2019-03-13T03:23:57","guid":{"rendered":"https:\/\/isfd133-bue.infd.edu.ar\/sitio\/?page_id=900"},"modified":"2026-05-04T20:31:09","modified_gmt":"2026-05-04T23:31:09","slug":"regimen-academico-marco","status":"publish","type":"page","link":"https:\/\/isfd133-bue.infd.edu.ar\/sitio\/regimen-academico-marco\/","title":{"rendered":"R\u00e9gimen Acad\u00e9mico Marco"},"content":{"rendered":"<p>Les presentamos el R\u00e9gimen Acad\u00e9mico Marco<\/p>\n<p>\u00a0<\/p>\n\n\n<div class=\"wp-block-file\"><object class=\"wp-block-file__embed\" data=\"https:\/\/isfd133-bue.infd.edu.ar\/sitio\/wp-content\/uploads\/2026\/05\/IF-2024-38567372-GDEBA-ANEXO-1.pdf\" type=\"application\/pdf\" style=\"width:100%;height:600px\" aria-label=\"Incrustado de IF-2024-38567372-GDEBA-ANEXO-1.\"><\/object><a id=\"wp-block-file--media-39e02aac-8244-4325-8158-24f8de0fd3df\" href=\"https:\/\/isfd133-bue.infd.edu.ar\/sitio\/wp-content\/uploads\/2026\/05\/IF-2024-38567372-GDEBA-ANEXO-1.pdf\">IF-2024-38567372-GDEBA-ANEXO-1<\/a><a href=\"https:\/\/isfd133-bue.infd.edu.ar\/sitio\/wp-content\/uploads\/2026\/05\/IF-2024-38567372-GDEBA-ANEXO-1.pdf\" class=\"wp-block-file__button wp-element-button\" download aria-describedby=\"wp-block-file--media-39e02aac-8244-4325-8158-24f8de0fd3df\">Descarga<\/a><\/div>\n\n\n\n<div class=\"wp-block-file\"><object class=\"wp-block-file__embed\" data=\"https:\/\/isfd133-bue.infd.edu.ar\/sitio\/wp-content\/uploads\/2026\/05\/IF-2024-37932840-GDEBA-ANEXO-2.pdf\" type=\"application\/pdf\" style=\"width:100%;height:600px\" aria-label=\"Incrustado de IF-2024-37932840-GDEBA-ANEXO-2.\"><\/object><a id=\"wp-block-file--media-f873a865-c592-4861-9647-de5cb1e27dee\" href=\"https:\/\/isfd133-bue.infd.edu.ar\/sitio\/wp-content\/uploads\/2026\/05\/IF-2024-37932840-GDEBA-ANEXO-2.pdf\">IF-2024-37932840-GDEBA-ANEXO-2<\/a><a href=\"https:\/\/isfd133-bue.infd.edu.ar\/sitio\/wp-content\/uploads\/2026\/05\/IF-2024-37932840-GDEBA-ANEXO-2.pdf\" class=\"wp-block-file__button wp-element-button\" download aria-describedby=\"wp-block-file--media-f873a865-c592-4861-9647-de5cb1e27dee\">Descarga<\/a><\/div>\n\n\n\n<div class=\"wp-block-file\"><object class=\"wp-block-file__embed\" data=\"https:\/\/isfd133-bue.infd.edu.ar\/sitio\/wp-content\/uploads\/2026\/05\/IF-2024-37932766-GDEBA-ANEXO-3.pdf\" type=\"application\/pdf\" style=\"width:100%;height:600px\" aria-label=\"Incrustado de IF-2024-37932766-GDEBA-ANEXO-3.\"><\/object><a id=\"wp-block-file--media-dd06af27-0d57-4a72-bca5-36090ea4451a\" href=\"https:\/\/isfd133-bue.infd.edu.ar\/sitio\/wp-content\/uploads\/2026\/05\/IF-2024-37932766-GDEBA-ANEXO-3.pdf\">IF-2024-37932766-GDEBA-ANEXO-3<\/a><a href=\"https:\/\/isfd133-bue.infd.edu.ar\/sitio\/wp-content\/uploads\/2026\/05\/IF-2024-37932766-GDEBA-ANEXO-3.pdf\" class=\"wp-block-file__button wp-element-button\" download aria-describedby=\"wp-block-file--media-dd06af27-0d57-4a72-bca5-36090ea4451a\">Descarga<\/a><\/div>\n","protected":false},"excerpt":{"rendered":"<p>Les presentamos el R\u00e9gimen Acad\u00e9mico Marco \u00a0<\/p>\n","protected":false},"author":51,"featured_media":0,"parent":0,"menu_order":0,"comment_status":"closed","ping_status":"closed","template":"","meta":[],"acf":[],"_links":{"self":[{"href":"https:\/\/isfd133-bue.infd.edu.ar\/sitio\/wp-json\/wp\/v2\/pages\/900"}],"collection":[{"href":"https:\/\/isfd133-bue.infd.edu.ar\/sitio\/wp-json\/wp\/v2\/pages"}],"about":[{"href":"https:\/\/isfd133-bue.infd.edu.ar\/sitio\/wp-json\/wp\/v2\/types\/page"}],"author":[{"embeddable":true,"href":"https:\/\/isfd133-bue.infd.edu.ar\/sitio\/wp-json\/wp\/v2\/users\/51"}],"replies":[{"embeddable":true,"href":"https:\/\/isfd133-bue.infd.edu.ar\/sitio\/wp-json\/wp\/v2\/comments?post=900"}],"version-history":[{"count":5,"href":"https:\/\/isfd133-bue.infd.edu.ar\/sitio\/wp-json\/wp\/v2\/pages\/900\/revisions"}],"predecessor-version":[{"id":1662,"href":"https:\/\/isfd133-bue.infd.edu.ar\/sitio\/wp-json\/wp\/v2\/pages\/900\/revisions\/1662"}],"wp:attachment":[{"href":"https:\/\/isfd133-bue.infd.edu.ar\/sitio\/wp-json\/wp\/v2\/media?parent=900"}],"curies":[{"name":"wp","href":"https:\/\/api.w.org\/{rel}","templated":true}]}}